{"id":77,"date":"2024-07-10T08:11:40","date_gmt":"2024-07-10T08:11:40","guid":{"rendered":"https:\/\/xn--aadmaklalistemaja-72b.ee\/?page_id=77"},"modified":"2024-07-12T15:42:04","modified_gmt":"2024-07-12T15:42:04","slug":"kahe-magamistoaga-kulaliskorter","status":"publish","type":"page","link":"https:\/\/aadmak\u00fclalistemaja.ee\/?page_id=77","title":{"rendered":"Kahe magamistoaga k\u00fclaliskorter"},"content":{"rendered":"\n<div class=\"wp-block-group alignfull online_hotel_resort_booking-section-cf7ac390-dcf9-11ed-b405-5314f98b79fc is-layout-constrained wp-container-core-group-is-layout-c3630535 wp-block-group-is-layout-constrained\" style=\"padding-top:var(--wp--preset--spacing--50);padding-right:var(--wp--preset--spacing--40);padding-bottom:var(--wp--preset--spacing--50);padding-left:var(--wp--preset--spacing--40)\">\n<div class=\"wp-block-columns alignwide online_hotel_resort_booking-section-cf7a0040-dcf9-11ed-b405-5314f98b79fc is-layout-flex wp-container-core-columns-is-layout-08c01c1c wp-block-columns-is-layout-flex\">\n<div class=\"wp-block-column is-vertically-aligned-center online_hotel_resort_booking-section-cf7656c0-dcf9-11ed-b405-5314f98b79fc is-layout-flow wp-block-column-is-layout-flow\" style=\"flex-basis:50%\">\n<div class=\"wp-block-group online_hotel_resort_booking-section-cf759370-dcf9-11ed-b405-5314f98b79fc is-layout-constrained wp-block-group-is-layout-constrained\">\n<div class=\"wp-block-group online_hotel_resort_booking-section-cf728630-dcf9-11ed-b405-5314f98b79fc is-layout-constrained wp-block-group-is-layout-constrained\">\n<div class=\"wp-block-cover is-light animated animated-fadeInUp online_hotel_resort_booking-section-cf6edcb0-dcf9-11ed-b405-5314f98b79fc\" style=\"border-radius:21px;min-height:674px;aspect-ratio:unset;\"><span aria-hidden=\"true\" class=\"wp-block-cover__background has-background-dim-0 has-background-dim\" style=\"background-color:#95867e\"><\/span><img loading=\"lazy\" decoding=\"async\" width=\"2560\" height=\"1707\" class=\"wp-block-cover__image-background wp-image-171\" alt=\"\" src=\"https:\/\/xn--aadmaklalistemaja-72b.ee\/wp-content\/uploads\/2024\/07\/A0A9139-scaled.jpg\" data-object-fit=\"cover\" srcset=\"https:\/\/aadmak\u00fclalistemaja.ee\/wp-content\/uploads\/2024\/07\/A0A9139-scaled.jpg 2560w, https:\/\/aadmak\u00fclalistemaja.ee\/wp-content\/uploads\/2024\/07\/A0A9139-300x200.jpg 300w, https:\/\/aadmak\u00fclalistemaja.ee\/wp-content\/uploads\/2024\/07\/A0A9139-1024x683.jpg 1024w, https:\/\/aadmak\u00fclalistemaja.ee\/wp-content\/uploads\/2024\/07\/A0A9139-768x512.jpg 768w, https:\/\/aadmak\u00fclalistemaja.ee\/wp-content\/uploads\/2024\/07\/A0A9139-1536x1024.jpg 1536w, https:\/\/aadmak\u00fclalistemaja.ee\/wp-content\/uploads\/2024\/07\/A0A9139-2048x1365.jpg 2048w\" sizes=\"auto, (max-width: 2560px) 100vw, 2560px\" \/><div class=\"wp-block-cover__inner-container is-layout-constrained wp-block-cover-is-layout-constrained\">\n<p class=\"has-text-align-center has-large-font-size\"><\/p>\n<\/div><\/div>\n<\/div>\n<\/div>\n<\/div>\n\n\n\n<div class=\"wp-block-column is-vertically-aligned-center online_hotel_resort_booking-section-cf793cf0-dcf9-11ed-b405-5314f98b79fc is-layout-flow wp-block-column-is-layout-flow\" style=\"padding-top:40px;padding-right:0px;padding-bottom:40px;padding-left:0px\">\n<div class=\"wp-block-group alignwide online_hotel_resort_booking-section-cf7879a0-dcf9-11ed-b405-5314f98b79fc is-layout-constrained wp-block-group-is-layout-constrained\">\n<h2 class=\"wp-block-heading animated animated-fadeInUp online_hotel_resort_booking-section-f4c0f580-374d-11ee-b297-037fd8c17ec3 has-large-font-size\">Maitsekalt sisustatud kahetoaline k\u00fclaliskorter<\/h2>\n\n\n\n<p>2023. aastal renoveeritud m\u00f5isaaida \u00fchetoaline korter ootab k\u00fclastama kuni 4-liikmelisi seltskondi. <br><\/p>\n\n\n\n<ul class=\"wp-block-list\">\n<li><strong>Magamistuba&nbsp;1:<\/strong> 1 kaheinimesevoodi<\/li>\n\n\n\n<li><strong>Magamistuba&nbsp;2:<\/strong> 1 narivoodi<\/li>\n\n\n\n<li><strong>Elutuba:<\/strong> 1 diivanvoodi<br>Beebivoodi saadaval erisoovi alusel<\/li>\n<\/ul>\n\n\n\n<div class=\"wp-block-group animated animated-fadeInUp online_hotel_resort_booking-section-ad663e00-3759-11ee-9c07-cfea3ec3b5b8 is-layout-flex wp-block-group-is-layout-flex\">\n<ul style=\"line-height:2\" class=\"online_hotel_resort_booking-list-style-two has-small-font-size wp-block-list\">\n<li class=\"online_hotel_resort_booking-section-bb057c60-3759-11ee-9c07-cfea3ec3b5b8\">Lemmikloomad lubatud<\/li>\n\n\n\n<li class=\"online_hotel_resort_booking-list-style-two\">Parkimine kohapeal<\/li>\n<\/ul>\n\n\n\n<ul style=\"line-height:2\" class=\"online_hotel_resort_booking-list-style-two has-small-font-size wp-block-list\">\n<li class=\"online_hotel_resort_booking-section-c10177e0-3759-11ee-9c07-cfea3ec3b5b8\">Tasuta Wi-Fi<\/li>\n\n\n\n<li class=\"online_hotel_resort_booking-section-c779a840-3759-11ee-9c07-cfea3ec3b5b8\">Toad mittesuitsetajatele<\/li>\n<\/ul>\n<\/div>\n<\/div>\n<\/div>\n<\/div>\n\n\n\n<p><\/p>\n\n\n\n<blockquote class=\"wp-block-quote is-layout-flow wp-block-quote-is-layout-flow\">\n<p>Armas ja hubane koht. V\u00e4ga hea asukoht, vaikne ja looduse keskel. Oli olemas k\u00f5ik vajalik s\u00f6\u00f6gi tegemiseks ning aja veetmiseks. V\u00e4ljas laste jaoks kiik ja v\u00f5imalus kasutada grilli ning v\u00e4lik\u00f6\u00f6ki.<\/p>\n<cite>Ksenia, Eesti<\/cite><\/blockquote>\n\n\n\n<blockquote class=\"wp-block-quote is-layout-flow wp-block-quote-is-layout-flow\">\n<p>Very quite and beautiful place. Nice beautiful interior. Big living room. Very comfortable for a family of 5-6. Outdoor seating, grill &#8211; very nice bonus to this place. We absolutely didn\u2019t feel that the property is right next to a road.<\/p>\n<cite><br>Eis\u0101ne, L\u00e4ti<\/cite><\/blockquote>\n<\/div>\n\n\n\n<div class=\"wp-block-group alignfull online_hotel_resort_booking-section-ff727120-f9f4-11ed-8868-91c866c656bb has-background-secondary-background-color has-background is-layout-constrained wp-container-core-group-is-layout-4600d58e wp-block-group-is-layout-constrained\" style=\"padding-top:var(--wp--preset--spacing--50);padding-right:var(--wp--preset--spacing--40);padding-bottom:0;padding-left:var(--wp--preset--spacing--40)\">\n<div class=\"wp-block-columns alignwide are-vertically-aligned-center online_hotel_resort_booking-section-cf44bf70-dcf9-11ed-b405-5314f98b79fc is-layout-flex wp-container-core-columns-is-layout-87beb0d0 wp-block-columns-is-layout-flex\">\n<div class=\"wp-block-column is-vertically-aligned-center online_hotel_resort_booking-section-cf424e70-dcf9-11ed-b405-5314f98b79fc is-layout-flow wp-block-column-is-layout-flow\">\n<div class=\"wp-block-group online_hotel_resort_booking-section-cf41b230-dcf9-11ed-b405-5314f98b79fc is-layout-flow wp-container-core-group-is-layout-fe0e2ea3 wp-block-group-is-layout-flow\"><\/div>\n<\/div>\n<\/div>\n\n\n\n<div class=\"wp-block-columns alignwide online_hotel_resort_booking-section-ff71add0-f9f4-11ed-8868-91c866c656bb is-layout-flex wp-container-core-columns-is-layout-87beb0d0 wp-block-columns-is-layout-flex\">\n<div class=\"wp-block-column online_hotel_resort_booking-section-ff5b66b0-f9f4-11ed-8868-91c866c656bb has-background is-layout-flow wp-block-column-is-layout-flow\" style=\"background-color:#ffb25900;padding-top:0;padding-right:0;padding-bottom:0;padding-left:0\">\n<div class=\"wp-block-group animated animated-fadeInUp online_hotel_resort_booking-section-ff5a7c50-f9f4-11ed-8868-91c866c656bb is-layout-constrained wp-container-core-group-is-layout-254f1302 wp-block-group-is-layout-constrained\" style=\"padding-top:0;padding-right:0;padding-bottom:0;padding-left:0\">\n<div class=\"wp-block-cover has-custom-content-position is-position-bottom-center image-zoom-hover online_hotel_resort_booking-section-ff5991f0-f9f4-11ed-8868-91c866c656bb\" style=\"border-style:none;border-width:0px;border-radius:10px;padding-top:var(--wp--preset--spacing--30);padding-right:var(--wp--preset--spacing--30);padding-bottom:var(--wp--preset--spacing--30);padding-left:var(--wp--preset--spacing--30);min-height:400px;aspect-ratio:unset;\"><span aria-hidden=\"true\" class=\"wp-block-cover__background has-background-dim-80 has-background-dim wp-block-cover__gradient-background has-background-gradient\" style=\"background:linear-gradient(355deg,rgb(0,0,0) 17%,rgba(0,0,0,0) 100%)\"><\/span><img loading=\"lazy\" decoding=\"async\" width=\"2560\" height=\"1707\" class=\"wp-block-cover__image-background wp-image-172\" alt=\"\" src=\"https:\/\/xn--aadmaklalistemaja-72b.ee\/wp-content\/uploads\/2024\/07\/A0A9134-1-scaled.jpg\" data-object-fit=\"cover\" srcset=\"https:\/\/aadmak\u00fclalistemaja.ee\/wp-content\/uploads\/2024\/07\/A0A9134-1-scaled.jpg 2560w, https:\/\/aadmak\u00fclalistemaja.ee\/wp-content\/uploads\/2024\/07\/A0A9134-1-300x200.jpg 300w, https:\/\/aadmak\u00fclalistemaja.ee\/wp-content\/uploads\/2024\/07\/A0A9134-1-1024x683.jpg 1024w, https:\/\/aadmak\u00fclalistemaja.ee\/wp-content\/uploads\/2024\/07\/A0A9134-1-768x512.jpg 768w, https:\/\/aadmak\u00fclalistemaja.ee\/wp-content\/uploads\/2024\/07\/A0A9134-1-1536x1024.jpg 1536w, https:\/\/aadmak\u00fclalistemaja.ee\/wp-content\/uploads\/2024\/07\/A0A9134-1-2048x1365.jpg 2048w\" sizes=\"auto, (max-width: 2560px) 100vw, 2560px\" \/><div class=\"wp-block-cover__inner-container is-layout-flow wp-block-cover-is-layout-flow\">\n<div class=\"wp-block-group online_hotel_resort_booking-section-ff576f10-f9f4-11ed-8868-91c866c656bb is-layout-flow wp-container-core-group-is-layout-fe0e2ea3 wp-block-group-is-layout-flow\">\n<h3 class=\"wp-block-heading has-text-align-left online_hotel_resort_booking-section-ff56abc0-f9f4-11ed-8868-91c866c656bb has-white-color has-text-color has-link-color wp-elements-a5b232650eab4eaafbbfaa8735da526e\" style=\"font-size:1.5rem;font-style:normal;font-weight:600;text-transform:capitalize\"><\/h3>\n<\/div>\n<\/div><\/div>\n<\/div>\n<\/div>\n\n\n\n<div class=\"wp-block-column online_hotel_resort_booking-section-ff6096d0-f9f4-11ed-8868-91c866c656bb has-background is-layout-flow wp-block-column-is-layout-flow\" style=\"background-color:#ffb25900;padding-top:0;padding-right:0;padding-bottom:0;padding-left:0\">\n<div class=\"wp-block-group animated animated-fadeInUp online_hotel_resort_booking-section-ff5fd380-f9f4-11ed-8868-91c866c656bb is-layout-constrained wp-container-core-group-is-layout-254f1302 wp-block-group-is-layout-constrained\" style=\"padding-top:0;padding-right:0;padding-bottom:0;padding-left:0\">\n<div class=\"wp-block-cover has-custom-content-position is-position-bottom-center image-zoom-hover online_hotel_resort_booking-section-ff5f1030-f9f4-11ed-8868-91c866c656bb\" style=\"border-radius:10px;padding-top:var(--wp--preset--spacing--30);padding-right:var(--wp--preset--spacing--30);padding-bottom:var(--wp--preset--spacing--30);padding-left:var(--wp--preset--spacing--30);min-height:400px;aspect-ratio:unset;\"><span aria-hidden=\"true\" class=\"wp-block-cover__background has-background-dim-80 has-background-dim wp-block-cover__gradient-background has-background-gradient\" style=\"background:linear-gradient(0deg,rgb(0,0,0) 18%,rgba(0,0,0,0) 100%)\"><\/span><img loading=\"lazy\" decoding=\"async\" width=\"2560\" height=\"1707\" class=\"wp-block-cover__image-background wp-image-174\" alt=\"\" src=\"https:\/\/xn--aadmaklalistemaja-72b.ee\/wp-content\/uploads\/2024\/07\/A0A9130-2-scaled.jpg\" data-object-fit=\"cover\" srcset=\"https:\/\/aadmak\u00fclalistemaja.ee\/wp-content\/uploads\/2024\/07\/A0A9130-2-scaled.jpg 2560w, https:\/\/aadmak\u00fclalistemaja.ee\/wp-content\/uploads\/2024\/07\/A0A9130-2-300x200.jpg 300w, https:\/\/aadmak\u00fclalistemaja.ee\/wp-content\/uploads\/2024\/07\/A0A9130-2-1024x683.jpg 1024w, https:\/\/aadmak\u00fclalistemaja.ee\/wp-content\/uploads\/2024\/07\/A0A9130-2-768x512.jpg 768w, https:\/\/aadmak\u00fclalistemaja.ee\/wp-content\/uploads\/2024\/07\/A0A9130-2-1536x1024.jpg 1536w, https:\/\/aadmak\u00fclalistemaja.ee\/wp-content\/uploads\/2024\/07\/A0A9130-2-2048x1365.jpg 2048w\" sizes=\"auto, (max-width: 2560px) 100vw, 2560px\" \/><div class=\"wp-block-cover__inner-container is-layout-flow wp-block-cover-is-layout-flow\">\n<div class=\"wp-block-group online_hotel_resort_booking-section-ff5d1460-f9f4-11ed-8868-91c866c656bb is-layout-flow wp-container-core-group-is-layout-fe0e2ea3 wp-block-group-is-layout-flow\">\n<h3 class=\"wp-block-heading has-text-align-left online_hotel_resort_booking-section-ff5c2a00-f9f4-11ed-8868-91c866c656bb has-white-color has-text-color has-link-color wp-elements-05452757206ec84a691dc973f473c8ef\" style=\"font-size:1.5rem;font-style:normal;font-weight:600;text-transform:capitalize\"><\/h3>\n<\/div>\n<\/div><\/div>\n<\/div>\n<\/div>\n\n\n\n<div class=\"wp-block-column online_hotel_resort_booking-section-ff661510-f9f4-11ed-8868-91c866c656bb has-background is-layout-flow wp-block-column-is-layout-flow\" style=\"background-color:#ffb25900;padding-top:0;padding-right:0;padding-bottom:0;padding-left:0\">\n<div class=\"wp-block-group animated animated-fadeInUp online_hotel_resort_booking-section-ff6551c0-f9f4-11ed-8868-91c866c656bb is-layout-constrained wp-container-core-group-is-layout-254f1302 wp-block-group-is-layout-constrained\" style=\"padding-top:0;padding-right:0;padding-bottom:0;padding-left:0\">\n<div class=\"wp-block-cover has-custom-content-position is-position-bottom-center image-zoom-hover online_hotel_resort_booking-section-ff646760-f9f4-11ed-8868-91c866c656bb\" style=\"border-style:none;border-width:0px;border-radius:10px;padding-top:var(--wp--preset--spacing--30);padding-right:var(--wp--preset--spacing--30);padding-bottom:var(--wp--preset--spacing--30);padding-left:var(--wp--preset--spacing--30);min-height:400px;aspect-ratio:unset;\"><span aria-hidden=\"true\" class=\"wp-block-cover__background has-background-dim-80 has-background-dim wp-block-cover__gradient-background has-background-gradient\" style=\"background:linear-gradient(0deg,rgb(0,0,0) 7%,rgba(0,0,0,0) 100%)\"><\/span><img loading=\"lazy\" decoding=\"async\" width=\"2560\" height=\"1707\" class=\"wp-block-cover__image-background wp-image-175\" alt=\"\" src=\"https:\/\/xn--aadmaklalistemaja-72b.ee\/wp-content\/uploads\/2024\/07\/A0A9117-scaled.jpg\" data-object-fit=\"cover\" srcset=\"https:\/\/aadmak\u00fclalistemaja.ee\/wp-content\/uploads\/2024\/07\/A0A9117-scaled.jpg 2560w, https:\/\/aadmak\u00fclalistemaja.ee\/wp-content\/uploads\/2024\/07\/A0A9117-300x200.jpg 300w, https:\/\/aadmak\u00fclalistemaja.ee\/wp-content\/uploads\/2024\/07\/A0A9117-1024x683.jpg 1024w, https:\/\/aadmak\u00fclalistemaja.ee\/wp-content\/uploads\/2024\/07\/A0A9117-768x512.jpg 768w, https:\/\/aadmak\u00fclalistemaja.ee\/wp-content\/uploads\/2024\/07\/A0A9117-1536x1024.jpg 1536w, https:\/\/aadmak\u00fclalistemaja.ee\/wp-content\/uploads\/2024\/07\/A0A9117-2048x1365.jpg 2048w\" sizes=\"auto, (max-width: 2560px) 100vw, 2560px\" \/><div class=\"wp-block-cover__inner-container is-layout-flow wp-block-cover-is-layout-flow\">\n<div class=\"wp-block-group online_hotel_resort_booking-section-ff624480-f9f4-11ed-8868-91c866c656bb is-layout-flow wp-container-core-group-is-layout-fe0e2ea3 wp-block-group-is-layout-flow\">\n<h3 class=\"wp-block-heading has-text-align-left online_hotel_resort_booking-section-ff618130-f9f4-11ed-8868-91c866c656bb has-white-color has-text-color has-link-color wp-elements-33bc279a3997029145b4827740ba6438\" style=\"font-size:1.5rem;font-style:normal;font-weight:600;text-transform:capitalize\"><\/h3>\n<\/div>\n<\/div><\/div>\n<\/div>\n<\/div>\n<\/div>\n\n\n\n<div class=\"wp-block-columns alignwide online_hotel_resort_booking-section-ff71add0-f9f4-11ed-8868-91c866c656bb is-layout-flex wp-container-core-columns-is-layout-87beb0d0 wp-block-columns-is-layout-flex\">\n<div class=\"wp-block-column online_hotel_resort_booking-section-ff6096d0-f9f4-11ed-8868-91c866c656bb has-background is-layout-flow wp-block-column-is-layout-flow\" style=\"background-color:#ffb25900;padding-top:0;padding-right:0;padding-bottom:0;padding-left:0\">\n<div class=\"wp-block-group animated animated-fadeInUp online_hotel_resort_booking-section-ff5fd380-f9f4-11ed-8868-91c866c656bb is-layout-constrained wp-container-core-group-is-layout-254f1302 wp-block-group-is-layout-constrained\" style=\"padding-top:0;padding-right:0;padding-bottom:0;padding-left:0\">\n<div class=\"wp-block-cover has-custom-content-position is-position-bottom-center image-zoom-hover online_hotel_resort_booking-section-ff5f1030-f9f4-11ed-8868-91c866c656bb\" style=\"border-radius:10px;padding-top:var(--wp--preset--spacing--30);padding-right:var(--wp--preset--spacing--30);padding-bottom:var(--wp--preset--spacing--30);padding-left:var(--wp--preset--spacing--30);min-height:400px;aspect-ratio:unset;\"><span aria-hidden=\"true\" class=\"wp-block-cover__background has-background-dim-80 has-background-dim wp-block-cover__gradient-background has-background-gradient\" style=\"background:linear-gradient(0deg,rgb(5,5,5) 0%,rgba(10,10,10,0.01) 100%)\"><\/span><img loading=\"lazy\" decoding=\"async\" width=\"2560\" height=\"1707\" class=\"wp-block-cover__image-background wp-image-176\" alt=\"\" src=\"https:\/\/xn--aadmaklalistemaja-72b.ee\/wp-content\/uploads\/2024\/07\/A0A9123-scaled.jpg\" data-object-fit=\"cover\" srcset=\"https:\/\/aadmak\u00fclalistemaja.ee\/wp-content\/uploads\/2024\/07\/A0A9123-scaled.jpg 2560w, https:\/\/aadmak\u00fclalistemaja.ee\/wp-content\/uploads\/2024\/07\/A0A9123-300x200.jpg 300w, https:\/\/aadmak\u00fclalistemaja.ee\/wp-content\/uploads\/2024\/07\/A0A9123-1024x683.jpg 1024w, https:\/\/aadmak\u00fclalistemaja.ee\/wp-content\/uploads\/2024\/07\/A0A9123-768x512.jpg 768w, https:\/\/aadmak\u00fclalistemaja.ee\/wp-content\/uploads\/2024\/07\/A0A9123-1536x1024.jpg 1536w, https:\/\/aadmak\u00fclalistemaja.ee\/wp-content\/uploads\/2024\/07\/A0A9123-2048x1365.jpg 2048w\" sizes=\"auto, (max-width: 2560px) 100vw, 2560px\" \/><div class=\"wp-block-cover__inner-container is-layout-flow wp-block-cover-is-layout-flow\">\n<div class=\"wp-block-group online_hotel_resort_booking-section-ff5d1460-f9f4-11ed-8868-91c866c656bb is-layout-flow wp-container-core-group-is-layout-fe0e2ea3 wp-block-group-is-layout-flow\">\n<h3 class=\"wp-block-heading has-text-align-left online_hotel_resort_booking-section-ff5c2a00-f9f4-11ed-8868-91c866c656bb has-white-color has-text-color has-link-color wp-elements-05452757206ec84a691dc973f473c8ef\" style=\"font-size:1.5rem;font-style:normal;font-weight:600;text-transform:capitalize\"><\/h3>\n<\/div>\n<\/div><\/div>\n<\/div>\n<\/div>\n\n\n\n<div class=\"wp-block-column online_hotel_resort_booking-section-ff6b4530-f9f4-11ed-8868-91c866c656bb has-background is-layout-flow wp-block-column-is-layout-flow\" style=\"background-color:#ffb25900;padding-top:0;padding-right:0;padding-bottom:0;padding-left:0\">\n<div class=\"wp-block-group animated animated-fadeInUp online_hotel_resort_booking-section-ff6a81e0-f9f4-11ed-8868-91c866c656bb is-layout-constrained wp-container-core-group-is-layout-254f1302 wp-block-group-is-layout-constrained\" style=\"padding-top:0;padding-right:0;padding-bottom:0;padding-left:0\">\n<div class=\"wp-block-cover has-custom-content-position is-position-bottom-center image-zoom-hover online_hotel_resort_booking-section-ff69be90-f9f4-11ed-8868-91c866c656bb\" style=\"border-radius:10px;padding-top:var(--wp--preset--spacing--30);padding-right:var(--wp--preset--spacing--30);padding-bottom:var(--wp--preset--spacing--30);padding-left:var(--wp--preset--spacing--30);min-height:400px;aspect-ratio:unset;\"><span aria-hidden=\"true\" class=\"wp-block-cover__background has-background-dim-80 has-background-dim wp-block-cover__gradient-background has-background-gradient\" style=\"background:linear-gradient(0deg,rgb(2,2,2) 0%,rgba(2,2,2,0.03) 100%)\"><\/span><img loading=\"lazy\" decoding=\"async\" width=\"2560\" height=\"1707\" class=\"wp-block-cover__image-background wp-image-177\" alt=\"\" src=\"https:\/\/xn--aadmaklalistemaja-72b.ee\/wp-content\/uploads\/2024\/07\/A0A9153-scaled.jpg\" data-object-fit=\"cover\" srcset=\"https:\/\/aadmak\u00fclalistemaja.ee\/wp-content\/uploads\/2024\/07\/A0A9153-scaled.jpg 2560w, https:\/\/aadmak\u00fclalistemaja.ee\/wp-content\/uploads\/2024\/07\/A0A9153-300x200.jpg 300w, https:\/\/aadmak\u00fclalistemaja.ee\/wp-content\/uploads\/2024\/07\/A0A9153-1024x683.jpg 1024w, https:\/\/aadmak\u00fclalistemaja.ee\/wp-content\/uploads\/2024\/07\/A0A9153-768x512.jpg 768w, https:\/\/aadmak\u00fclalistemaja.ee\/wp-content\/uploads\/2024\/07\/A0A9153-1536x1024.jpg 1536w, https:\/\/aadmak\u00fclalistemaja.ee\/wp-content\/uploads\/2024\/07\/A0A9153-2048x1365.jpg 2048w\" sizes=\"auto, (max-width: 2560px) 100vw, 2560px\" \/><div class=\"wp-block-cover__inner-container is-layout-flow wp-block-cover-is-layout-flow\">\n<div class=\"wp-block-group online_hotel_resort_booking-section-ff67c2c0-f9f4-11ed-8868-91c866c656bb is-layout-flow wp-container-core-group-is-layout-fe0e2ea3 wp-block-group-is-layout-flow\">\n<h3 class=\"wp-block-heading has-text-align-left online_hotel_resort_booking-section-ff66d860-f9f4-11ed-8868-91c866c656bb has-white-color has-text-color has-link-color wp-elements-ed7fdf047c4385899c85717d4e2b7680\" style=\"font-size:1.5rem;font-style:normal;font-weight:600;text-transform:capitalize\"><\/h3>\n<\/div>\n<\/div><\/div>\n<\/div>\n<\/div>\n\n\n\n<div class=\"wp-block-column online_hotel_resort_booking-section-ff70ea80-f9f4-11ed-8868-91c866c656bb has-background is-layout-flow wp-block-column-is-layout-flow\" style=\"background-color:#ffb25900;padding-top:0;padding-right:0;padding-bottom:0;padding-left:0\">\n<div class=\"wp-block-group animated animated-fadeInUp online_hotel_resort_booking-section-ff700020-f9f4-11ed-8868-91c866c656bb is-layout-constrained wp-container-core-group-is-layout-254f1302 wp-block-group-is-layout-constrained\" style=\"padding-top:0;padding-right:0;padding-bottom:0;padding-left:0\">\n<div class=\"wp-block-cover has-custom-content-position is-position-bottom-center image-zoom-hover online_hotel_resort_booking-section-ff6f15c0-f9f4-11ed-8868-91c866c656bb\" style=\"border-radius:10px;padding-top:var(--wp--preset--spacing--30);padding-right:var(--wp--preset--spacing--30);padding-bottom:var(--wp--preset--spacing--30);padding-left:var(--wp--preset--spacing--30);min-height:400px;aspect-ratio:unset;\"><span aria-hidden=\"true\" class=\"wp-block-cover__background has-background-dim-90 has-background-dim wp-block-cover__gradient-background has-background-gradient\" style=\"background:linear-gradient(0deg,rgba(0,0,0,0.99) 0%,rgba(5,5,5,0.01) 100%)\"><\/span><img loading=\"lazy\" decoding=\"async\" width=\"1707\" height=\"2560\" class=\"wp-block-cover__image-background wp-image-178\" alt=\"\" src=\"https:\/\/xn--aadmaklalistemaja-72b.ee\/wp-content\/uploads\/2024\/07\/A0A9157-scaled.jpg\" data-object-fit=\"cover\" srcset=\"https:\/\/aadmak\u00fclalistemaja.ee\/wp-content\/uploads\/2024\/07\/A0A9157-scaled.jpg 1707w, https:\/\/aadmak\u00fclalistemaja.ee\/wp-content\/uploads\/2024\/07\/A0A9157-200x300.jpg 200w, https:\/\/aadmak\u00fclalistemaja.ee\/wp-content\/uploads\/2024\/07\/A0A9157-683x1024.jpg 683w, https:\/\/aadmak\u00fclalistemaja.ee\/wp-content\/uploads\/2024\/07\/A0A9157-768x1152.jpg 768w, https:\/\/aadmak\u00fclalistemaja.ee\/wp-content\/uploads\/2024\/07\/A0A9157-1024x1536.jpg 1024w, https:\/\/aadmak\u00fclalistemaja.ee\/wp-content\/uploads\/2024\/07\/A0A9157-1365x2048.jpg 1365w\" sizes=\"auto, (max-width: 1707px) 100vw, 1707px\" \/><div class=\"wp-block-cover__inner-container is-layout-flow wp-block-cover-is-layout-flow\">\n<div class=\"wp-block-group online_hotel_resort_booking-section-ff6cf2e0-f9f4-11ed-8868-91c866c656bb is-layout-flow wp-container-core-group-is-layout-fe0e2ea3 wp-block-group-is-layout-flow\">\n<h3 class=\"wp-block-heading has-text-align-left online_hotel_resort_booking-section-ff6c2f90-f9f4-11ed-8868-91c866c656bb has-white-color has-text-color has-link-color wp-elements-b73866e61a7e9a76d383f3b121f030d9\" style=\"font-size:1.5rem;font-style:normal;font-weight:600;text-transform:capitalize\"><\/h3>\n<\/div>\n<\/div><\/div>\n<\/div>\n<\/div>\n<\/div>\n\n\n\n<p><\/p>\n<\/div>\n","protected":false},"excerpt":{"rendered":"<p>Maitsekalt sisustatud kahetoaline k\u00fclaliskorter 2023. aastal renoveeritud m\u00f5isaaida \u00fchetoaline korter ootab k\u00fclastama kuni 4-liikmelisi seltskondi. [&hellip;]<\/p>\n","protected":false},"author":1,"featured_media":0,"parent":0,"menu_order":0,"comment_status":"closed","ping_status":"closed","template":"","meta":{"footnotes":""},"class_list":["post-77","page","type-page","status-publish","hentry"],"_links":{"self":[{"href":"https:\/\/aadmak\u00fclalistemaja.ee\/index.php?rest_route=\/wp\/v2\/pages\/77","targetHints":{"allow":["GET"]}}],"collection":[{"href":"https:\/\/aadmak\u00fclalistemaja.ee\/index.php?rest_route=\/wp\/v2\/pages"}],"about":[{"href":"https:\/\/aadmak\u00fclalistemaja.ee\/index.php?rest_route=\/wp\/v2\/types\/page"}],"author":[{"embeddable":true,"href":"https:\/\/aadmak\u00fclalistemaja.ee\/index.php?rest_route=\/wp\/v2\/users\/1"}],"replies":[{"embeddable":true,"href":"https:\/\/aadmak\u00fclalistemaja.ee\/index.php?rest_route=%2Fwp%2Fv2%2Fcomments&post=77"}],"version-history":[{"count":10,"href":"https:\/\/aadmak\u00fclalistemaja.ee\/index.php?rest_route=\/wp\/v2\/pages\/77\/revisions"}],"predecessor-version":[{"id":180,"href":"https:\/\/aadmak\u00fclalistemaja.ee\/index.php?rest_route=\/wp\/v2\/pages\/77\/revisions\/180"}],"wp:attachment":[{"href":"https:\/\/aadmak\u00fclalistemaja.ee\/index.php?rest_route=%2Fwp%2Fv2%2Fmedia&parent=77"}],"curies":[{"name":"wp","href":"https:\/\/api.w.org\/{rel}","templated":true}]}}